 g(k) = -7*i(k) + 6*m(k). What is g(-4)?
210
Suppose 0 = 57*q - 102*q + 319*q + 548. Let l(a) = 50*a - 1. What is l(q)?
-101
Let i(z) = 2*z - 7. Suppose 44*q = n + 41*q - 47, 3*n - 5*q = 141. Let k = -120 - -74. Let t be n/7 + (k/(-14) - 3). Determine i(t).
7
Let i(v) = -118*v - 710. Let c(b) = 398*b + 7556. Let o be c(-19). Determine i(o).
-2
Let t(u) be the first derivative of -11/2*u**2 + 1/3*u**3 + 20*u + 115. Calculate t(9).
2
Let o = -909 - -913. Suppose y + 6 = o*d, -d - 8 = 5*y + 1. Let q(b) = b**3 + b**2 + b - 1. Give q(y).
-7
Let b(q) = 3*q - 15. Let h = 12407 + -12391. Calculate b(h).
33
Suppose -24 = -4*i, -4*i + 15 = -b - 2*i. Let w(d) = -83*d - 254. Give w(b).
-5
Let s(r) = -r**2 + 25*r - 146. Suppose 0 = 10*n + 27*n - 168 - 128. Calculate s(n).
-10
Let o be ((-1)/(-4))/((-7)/28). Let f = o + 6. Let w(t) be the third derivative of t**4/12 - 7*t**3/6 + 6*t**2. Determine w(f).
3
Suppose -2*w - 7 = -w + 2*x, -2*w = 2*x + 6. Let k(i) = -4*i**2 - 4*i + 3. Let l be k(w). Let s be 2/10 + (-14)/l. Let b(c) = c + 2. Calculate b(s).
5
Let o(u) be the second derivative of -u**4/12 + 5*u**3/2 + u**2/2 + 3125*u. Determine o(14).
15
Let j(s) = 9*s**2 - 54*s - 177. Let v(d) = 5*d**2 - 36*d - 88. Let h(x) = -4*j(x) + 7*v(x). Give h(-37).
55
Let n(o) = 0*o**2 + 15 + 3*o + 0*o + 3*o - o**2. Let f be n(8). Let y(b) = b**2 - 1. Determine y(f).
0
Let n(u) = 34*u - 14 - 9*u - 18*u + 7 - 32*u. What is n(0)?
-7
Let l(b) = b**3 + 7*b**2 + 8*b + 7. Suppose -210 = 5*k + k. Let w be 28*(4 + 110/k). Let s be 56/(-9) - w/(-108). Determine l(s).
-5
Let w(b) = -b - 68. Suppose 11*g = 4*g - 148 + 29. What is w(g)?
-51
Let n(j) = j**3 + 17*j**2 + 31*j + 18. Let d be n(-15). Let g(r) = 7*r**d - 8*r**3 - 8 + 7 + 2*r**3 - 2*r. What is g(-2)?
-5
Let m(q) be the first derivative of -q**7/420 - q**6/360 + q**4/24 - 88*q**3 - 40. Let o(k) be the third derivative of m(k). Calculate o(-2).
13
Let y(k) = k**2 - 18*k - 12. Suppose 9*b + 11 - 182 = 0. What is y(b)?
7
Let p(u) = u + 8. Let n be p(-4). Suppose n*x + 36 = -4*m - 0*m, 3*x + 4*m = -32. Let w = 0 + x. Let h(j) = -j**2 - 5*j - 1. Calculate h(w).
3
Let y(b) = -b**3 + 38*b**2 + 43*b - 149. Let g be -561 - -573 - 9*-3. What is y(g)?
7
Let l(r) = r**3 - 9*r**2 - 11*r + 14. Let q be -15*(28/(-12) + 2 + 0). Suppose 2*w + 0*a - a = 15, 0 = -q*w - 3*a + 65. Calculate l(w).
4
Suppose 71*n - 140 = 43*n. Suppose q = -3, -q - 3 + 6 = 3*o. Let t be n + -2 + -3 + o. Let h(s) = -s - 2. Determine h(t).
-4
Let t(x) = x**2 - 16*x + 52. Suppose 41 = -6*h + 113. Let v be t(h). Let o(u) = -u**3 + 5*u**2 - 6*u + 5. Calculate o(v).
-3
Let q(b) = -13*b - 13. Let t = -7223 + 7220. What is q(t)?
26
Let j(o) = o**3 + 7*o**2 - o + 51. Let k be j(-8). Let w(b) be the first derivative of b**3/3 + 7*b**2/2 + 9*b + 39. Calculate w(k).
-1
Let v(i) = 75*i**2 + 14*i - 24. Let d(q) = -94*q**2 - 15*q + 24. Let u(b) = 4*d(b) + 5*v(b). Calculate u(8).
-8
Let o(p) = 3*p - 33. Let v be 192/(-224) - (-123)/21. Suppose 4*a - 61 = n, -6*a + v*a + 19 = -4*n. Give o(a).
12
Suppose -131*f = 145*f + 16*f + 876. Let q(t) = -2*t. Let x(c) = -4*c + 1. Let n(l) = 5*q(l) - 2*x(l). What is n(f)?
4
Let f(z) = -3*z**2 + 4*z - 1. Let v(l) be the first derivative of -l**3/3 + 48. Let u(a) = -f(a) + 2*v(a). Determine u(4).
1
Let k(x) = -6*x - 114. Let n be k(-19). Let t(f) = 0 - 2*f - f + n - 2. Determine t(0).
-2
Let k be (-165)/(-11) + (-16 - (2 - 7)). Let f = -1 + 3. Let m(r) = f*r + 3*r**2 + 0*r**2 - k*r**2 + 6 + 5*r. Determine m(6).
12
Let v = 14887 + -14885. Let b(n) be the third derivative of -n**3 + 1/24*n**4 + 0*n + 0 + 7*n**v. Determine b(0).
-6
Suppose t = 16*t - 6750. Let w(q) = -447*q**2 + 2*q**3 + q**3 - 2 + t*q**2. Calculate w(2).
34
Let s(u) = -6*u**2 - 202*u - 30. Let a(m) = -m**2 - 26*m - 1. Let t(v) = -8*a(v) + s(v). Give t(-7).
34
Let y be (4 + -2 - 2) + -8. Let w be 0*(-2)/y*(7 - 3). Let k(q) = -q + 5. Determine k(w).
5
Let w be -5 + (-1)/(-4)*-2*(-3 + -11). Let x(p) = -5*p**2 + 1. What is x(w)?
-19
Let k(h) = -4*h + 240 + 0*h - 244 + 10*h - 4*h. Determine k(-4).
-12
Let o(p) be the first derivative of -p**4/4 + 11*p**3/3 + 14*p - 1387. Determine o(11).
14
Let b(k) = k**3 - 5*k**2 + 3*k + 5. Suppose 888 = 4*w - 100. Let d = w + -243. What is b(d)?
1
Let i(z) be the second derivative of -z**6/120 + z**5/12 - z**4/4 - 35*z**2/2 - 45*z. Let t(h) be the first derivative of i(h). What is t(4)?
-8
Let b(q) = -9*q**2 - q. Suppose 2*z - 17 = -41. Let m = -13 - z. Give b(m).
-8
Let r = 73 + -67. Let n(j) = r*j - 7*j - 8 - 11. Suppose -3*i = -6*i. Determine n(i).
-19
Let c be (-171)/(-76)*4/(-3). Let v(f) = f**3 + 6*f**2 + 8*f - 2. Let p be v(c). Let m(d) = 12*d**2 - d + 1. What is m(p)?
12
Let w(x) = 5*x**2 - 30*x - 80. Let n(v) = -17*v**2 + 92*v + 278. Let b(s) = 2*n(s) + 7*w(s). Give b(26).
-4
Let a(t) = -6*t - t**3 + t**2 + 0*t**3 + 4*t**2. Suppose -5*q - 35 = v, -v + 14 + 7 = -2*q. Calculate a(v).
-30
Let y(l) = 5*l**2 - 5*l - 16. Let h(a) = 4*a**2 - 6*a - 17. Let v(p) = 4*h(p) - 3*y(p). Calculate v(8).
-28
Suppose 3*g = -5*b - 16, -5*g + 2 = -4*b - 2*g. Let c(j) be the third derivative of -j**6/30 - j**5/30 + j**4/24 + 3*j**2 + 306*j - 3. Calculate c(b).
22
Let p(x) = 3*x + 5. Let u(r) = 4*r + 7. Let f(l) = 3*p(l) - 2*u(l). What is f(1)?
2
Let d(m) be the third derivative of m**7/5040 - m**6/144 + m**5/10 + 7*m**4/12 + 24*m**2. Let x(k) be the third derivative of d(k). Calculate x(7).
2
Suppose 0 = -131*o + 60*o - 63*o. Let g(q) = q**2 - 2*q + 12. What is g(o)?
12
Let s(j) = j. Let l = 123 - 121. Suppose -12 - l = o + 4*g, 2*g + 8 = 0. Calculate s(o).
2
Suppose -5*f = -2*c + 26, 0*c + 10 = -f + 2*c. Suppose n - 3*b = 14, -32 = 2*n - 4*n + 4*b. Let h(d) = 12*d + 0*d + 3 + 5*d - n*d. What is h(f)?
15
Suppose u = -4*f - 11, 4*u + 3*f + 4 = -14. Let h(i) = 2*i**3 + 7*i**2 + 6*i + 5. Calculate h(u).
-4
Let v(l) = -778 - 788 - 780 + 2348 + 3*l. Give v(-11).
-31
Suppose -8*s - 42 = -3*s - 3*n, 4*n = -24. Let x(d) = -2*d - 14. Determine x(s).
10
Let f be (76/3)/((-7)/3 - -2). Let k = 12 + f. Let g be (-3)/((-36)/k) + (-2)/(-6). Let n(x) = -x**3 - 5*x**2. Calculate n(g).
0
Let f(s) = s**3 + 5*s**2 - 3*s - 4. Let v be f(-4). Let y(x) = 3*x**2 + 25*x - 34. Let i be y(-10). Let w(t) = i - 35 + v - t. Calculate w(0).
5
Let w = 413 - 240. Let j(k) = w - 92 + k - 88. Give j(-10).
-17
Suppose -8*m - 8 = -6*m. Let b(a) = 11 - 4 + 134*a - 69*a - 64*a. Determine b(m).
3
Suppose -5*a + 235 - 257 = -2*q, 3*a = 5*q + 2. Let h(j) = -j**2 - 11*j - 67. Calculate h(a).
-37
Let x(k) be the second derivative of -k**4/12 - 2*k**3/3 + 5*k**2 + 842*k. Calculate x(-6).
-2
Suppose l = 2*y - 3*l - 114, 4*y = -3*l + 173. Let g(i) = 0*i**3 - 46 - i**3 + i + y. Suppose -9*w = -23*w. Determine g(w).
1
Let t(w) be the third derivative of w**6/120 + w**5/15 + w**4/8 + w**3/6 + 3*w**2 + 9. Let u = 7 + -9. Calculate t(u).
3
Let g(b) = b**3 + 2*b + 3. Let a(s) = -6*s**3 - 22*s**2 - 33*s - 62. Let j(r) = -a(r) - 5*g(r). What is j(-21)?
5
Let s(d) be the second derivative of d**5/20 + d**4/3 - 7*d**3/6 - 7*d**2/2 - 204*d - 12. Let g be 0 + 0 + (-3 - 2). Give s(g).
3
Let l(a) = -22*a + 1 + 50*a - 29*a. Let q = 481 + -478. Give l(q).
-2
Let m(x) = x**2 - 8*x + 6. Suppose -2*c + 3*q = -4*c - 211, 274 = -3*c + 4*q. Let k be (2 - 0)*c/(-28). Give m(k).
-1
Suppose -222 = -8*v - 198. Let l(t) = -2*t**2 - 5 + 0*t**3 + t**3 - 9*t**2 - v + 11*t + 2. Suppose 52 = 4*a + 12. What is l(a)?
4
Let x(f) = -f**2 - 6*f + 1. Suppose 8*u = 5*u + 3*l + 102, 2*l - 102 = -3*u. Suppose -254 = -11*p - u. Suppose 7*g = -p - 22. Calculate x(g).
1
Let n(s) = -72*s**2 + 5*s - 5. Let x be n(1). Let j = x + 90. Let h(p) = 27*p + j*p - 43*p - 2. What is h(-6)?
-14
Let t(r) be the third derivative of -1/6*r**4 + 0*r - 115*r**2 + 1/60*r**5 + 0 - 11/6*r**3. Calculate t(5).
-6
Let u(z) = -z**2 - 3*z + 6. Let x(y) = -15*y + 81. Let a be x(6). Determine u(a).
-48
Let j be (6 - 8) + 1*3. Let m(s) = -s. Let z(k) = -140*k**2 - 5*k - 1 + 141*k**2 + 2. Let y(i) = j*z(i) + m(i). What is y(5)?
-4
Suppose 6*r + 30 = 12*r. Let b(c) be the second derivative of -c**5/20 + c**4/3 + c**3 + c**2/2 - 4*c - 8. Determine b(r).
6
Let c(x) = -x**3 - 4*x**2 - 4*x - 8. Let u(y) = -y**3 - 3*y**2 - 3*y - 9. Let k(t) = -5*c(t) + 4*u(t). Suppose -1522*m + 99